{"id":14,"date":"2022-03-02T15:27:43","date_gmt":"2022-03-02T14:27:43","guid":{"rendered":"http:\/\/owit.sosnowiec.pl\/?page_id=14"},"modified":"2022-03-02T15:27:43","modified_gmt":"2022-03-02T14:27:43","slug":"beneficjenci","status":"publish","type":"page","link":"http:\/\/owitsosnowiec.pl\/?page_id=14","title":{"rendered":"BENEFICJENCI"},"content":{"rendered":"\n<p><\/p>\n\n\n\n<ul class=\"wp-block-list\"><li>osoby, kt\u00f3re przedstawi\u0105 skierowanie z PFRON celem udzielenia wsparcia w ramach zadania <br>(najp\u00f3\u017aniej w dniu przyst\u0105pienia do wsparcia)<\/li><\/ul>\n\n\n\n<p><\/p>\n\n\n\n<ul class=\"wp-block-list\"><li>osoby z niepe\u0142nosprawno\u015bci\u0105, kt\u00f3re posiadaj\u0105 aktualne orzeczenie o stopniu niepe\u0142nosprawno\u015bci <br>lub aktualne orzeczenie o niepe\u0142nosprawno\u015bci <br>lub aktualne orzeczenie r\u00f3wnowa\u017cne (orzeczenie lekarza orzecznika Zak\u0142adu Ubezpiecze\u0144 Spo\u0142ecznych <br>lub orzeczenie o zaliczeniu do jednej z grup inwalid\u00f3w), kt\u00f3re skorzystaj\u0105 z realizacji zadania.<\/li><\/ul>\n\n\n\n<div class=\"wp-block-columns is-layout-flex wp-container-core-columns-is-layout-28f84493 wp-block-columns-is-layout-flex\">\n<div class=\"wp-block-column is-layout-flow wp-block-column-is-layout-flow\"><\/div>\n\n\n\n<div class=\"wp-block-column is-layout-flow wp-block-column-is-layout-flow\">\n<figure class=\"wp-block-image size-large\"><img decoding=\"async\" src=\"http:\/\/owit.sosnowiec.pl\/wp-content\/uploads\/2022\/03\/2-2-1024x1024.png\" alt=\"\" class=\"wp-image-63\"\/><\/figure>\n<\/div>\n<\/div>\n","protected":false},"excerpt":{"rendered":"<p>osoby, kt\u00f3re przedstawi\u0105 skierowanie z PFRON celem udzielenia wsparcia w ramach zadania (najp\u00f3\u017aniej w dniu przyst\u0105pienia do wsparcia) osoby z niepe\u0142nosprawno\u015bci\u0105, kt\u00f3re posiadaj\u0105 aktualne orzeczenie o stopniu niepe\u0142nosprawno\u015bci lub aktualne orzeczenie o niepe\u0142nosprawno\u015bci lub aktualne orzeczenie r\u00f3wnowa\u017cne (orzeczenie lekarza orzecznika Zak\u0142adu Ubezpiecze\u0144 Spo\u0142ecznych lub orzeczenie o zaliczeniu do jednej z [&hellip;]<\/p>\n","protected":false},"author":1,"featured_media":0,"parent":0,"menu_order":0,"comment_status":"closed","ping_status":"closed","template":"","meta":{"footnotes":""},"class_list":["post-14","page","type-page","status-publish","hentry"],"yoast_head":"<!-- This site is optimized with the Yoast SEO plugin v27.2 - https:\/\/yoast.com\/product\/yoast-seo-wordpress\/ -->\n<title>Beneficjenci odek Wsparcia i Test\u00f3w w Sosnowcu<\/title>\n<meta name=\"robots\" content=\"index, follow, max-snippet:-1, max-image-preview:large, max-video-preview:-1\" \/>\n<link rel=\"canonical\" href=\"https:\/\/owitsosnowiec.pl\/?page_id=14\" \/>\n<meta property=\"og:locale\" content=\"pl_PL\" \/>\n<meta property=\"og:type\" content=\"article\" \/>\n<meta property=\"og:title\" content=\"Beneficjenci odek Wsparcia i Test\u00f3w w Sosnowcu\" \/>\n<meta property=\"og:description\" content=\"osoby, kt\u00f3re przedstawi\u0105 skierowanie z PFRON celem udzielenia wsparcia w ramach zadania (najp\u00f3\u017aniej w dniu przyst\u0105pienia do wsparcia) osoby z niepe\u0142nosprawno\u015bci\u0105, kt\u00f3re posiadaj\u0105 aktualne orzeczenie o stopniu niepe\u0142nosprawno\u015bci lub aktualne orzeczenie o niepe\u0142nosprawno\u015bci lub aktualne orzeczenie r\u00f3wnowa\u017cne (orzeczenie lekarza orzecznika Zak\u0142adu Ubezpiecze\u0144 Spo\u0142ecznych lub orzeczenie o zaliczeniu do jednej z [&hellip;]\" \/>\n<meta property=\"og:url\" content=\"https:\/\/owitsosnowiec.pl\/?page_id=14\" \/>\n<meta property=\"og:site_name\" content=\"O\u015brodek Wsparcia i Test\u00f3w w Sosnowcu\" \/>\n<meta property=\"og:image\" content=\"http:\/\/owit.sosnowiec.pl\/wp-content\/uploads\/2022\/03\/2-2-1024x1024.png\" \/>\n<meta name=\"twitter:card\" content=\"summary_large_image\" \/>\n<meta name=\"twitter:label1\" content=\"Szacowany czas czytania\" \/>\n\t<meta name=\"twitter:data1\" content=\"1 minuta\" \/>\n<script type=\"application\/ld+json\" class=\"yoast-schema-graph\">{\"@context\":\"https:\/\/schema.org\",\"@graph\":[{\"@type\":\"WebPage\",\"@id\":\"https:\/\/owitsosnowiec.pl\/?page_id=14\",\"url\":\"https:\/\/owitsosnowiec.pl\/?page_id=14\",\"name\":\"Beneficjenci odek Wsparcia i Test\u00f3w w Sosnowcu\",\"isPartOf\":{\"@id\":\"http:\/\/owitsosnowiec.pl\/#website\"},\"primaryImageOfPage\":{\"@id\":\"https:\/\/owitsosnowiec.pl\/?page_id=14#primaryimage\"},\"image\":{\"@id\":\"https:\/\/owitsosnowiec.pl\/?page_id=14#primaryimage\"},\"thumbnailUrl\":\"http:\/\/owit.sosnowiec.pl\/wp-content\/uploads\/2022\/03\/2-2-1024x1024.png\",\"datePublished\":\"2022-03-02T14:27:43+00:00\",\"breadcrumb\":{\"@id\":\"https:\/\/owitsosnowiec.pl\/?page_id=14#breadcrumb\"},\"inLanguage\":\"pl-PL\",\"potentialAction\":[{\"@type\":\"ReadAction\",\"target\":[\"https:\/\/owitsosnowiec.pl\/?page_id=14\"]}]},{\"@type\":\"ImageObject\",\"inLanguage\":\"pl-PL\",\"@id\":\"https:\/\/owitsosnowiec.pl\/?page_id=14#primaryimage\",\"url\":\"http:\/\/owit.sosnowiec.pl\/wp-content\/uploads\/2022\/03\/2-2-1024x1024.png\",\"contentUrl\":\"http:\/\/owit.sosnowiec.pl\/wp-content\/uploads\/2022\/03\/2-2-1024x1024.png\"},{\"@type\":\"BreadcrumbList\",\"@id\":\"https:\/\/owitsosnowiec.pl\/?page_id=14#breadcrumb\",\"itemListElement\":[{\"@type\":\"ListItem\",\"position\":1,\"name\":\"Home\",\"item\":\"http:\/\/owitsosnowiec.pl\/\"},{\"@type\":\"ListItem\",\"position\":2,\"name\":\"BENEFICJENCI\"}]},{\"@type\":\"WebSite\",\"@id\":\"http:\/\/owitsosnowiec.pl\/#website\",\"url\":\"http:\/\/owitsosnowiec.pl\/\",\"name\":\"O\u015brodek Wsparcia i Test\u00f3w w Sosnowcu\",\"description\":\"\",\"publisher\":{\"@id\":\"http:\/\/owitsosnowiec.pl\/#organization\"},\"potentialAction\":[{\"@type\":\"SearchAction\",\"target\":{\"@type\":\"EntryPoint\",\"urlTemplate\":\"http:\/\/owitsosnowiec.pl\/?s={search_term_string}\"},\"query-input\":{\"@type\":\"PropertyValueSpecification\",\"valueRequired\":true,\"valueName\":\"search_term_string\"}}],\"inLanguage\":\"pl-PL\"},{\"@type\":\"Organization\",\"@id\":\"http:\/\/owitsosnowiec.pl\/#organization\",\"name\":\"O\u015brodek Wsparcia i Test\u00f3w w Sosnowcu\",\"url\":\"http:\/\/owitsosnowiec.pl\/\",\"logo\":{\"@type\":\"ImageObject\",\"inLanguage\":\"pl-PL\",\"@id\":\"http:\/\/owitsosnowiec.pl\/#\/schema\/logo\/image\/\",\"url\":\"http:\/\/owitsosnowiec.pl\/wp-content\/uploads\/2026\/04\/Projekt-bez-nazwy.png\",\"contentUrl\":\"http:\/\/owitsosnowiec.pl\/wp-content\/uploads\/2026\/04\/Projekt-bez-nazwy.png\",\"width\":2017,\"height\":733,\"caption\":\"O\u015brodek Wsparcia i Test\u00f3w w Sosnowcu\"},\"image\":{\"@id\":\"http:\/\/owitsosnowiec.pl\/#\/schema\/logo\/image\/\"}}]}<\/script>\n<!-- \/ Yoast SEO plugin. -->","yoast_head_json":{"title":"Beneficjenci odek Wsparcia i Test\u00f3w w Sosnowcu","robots":{"index":"index","follow":"follow","max-snippet":"max-snippet:-1","max-image-preview":"max-image-preview:large","max-video-preview":"max-video-preview:-1"},"canonical":"https:\/\/owitsosnowiec.pl\/?page_id=14","og_locale":"pl_PL","og_type":"article","og_title":"Beneficjenci odek Wsparcia i Test\u00f3w w Sosnowcu","og_description":"osoby, kt\u00f3re przedstawi\u0105 skierowanie z PFRON celem udzielenia wsparcia w ramach zadania (najp\u00f3\u017aniej w dniu przyst\u0105pienia do wsparcia) osoby z niepe\u0142nosprawno\u015bci\u0105, kt\u00f3re posiadaj\u0105 aktualne orzeczenie o stopniu niepe\u0142nosprawno\u015bci lub aktualne orzeczenie o niepe\u0142nosprawno\u015bci lub aktualne orzeczenie r\u00f3wnowa\u017cne (orzeczenie lekarza orzecznika Zak\u0142adu Ubezpiecze\u0144 Spo\u0142ecznych lub orzeczenie o zaliczeniu do jednej z [&hellip;]","og_url":"https:\/\/owitsosnowiec.pl\/?page_id=14","og_site_name":"O\u015brodek Wsparcia i Test\u00f3w w Sosnowcu","og_image":[{"url":"http:\/\/owit.sosnowiec.pl\/wp-content\/uploads\/2022\/03\/2-2-1024x1024.png","type":"","width":"","height":""}],"twitter_card":"summary_large_image","twitter_misc":{"Szacowany czas czytania":"1 minuta"},"schema":{"@context":"https:\/\/schema.org","@graph":[{"@type":"WebPage","@id":"https:\/\/owitsosnowiec.pl\/?page_id=14","url":"https:\/\/owitsosnowiec.pl\/?page_id=14","name":"Beneficjenci odek Wsparcia i Test\u00f3w w Sosnowcu","isPartOf":{"@id":"http:\/\/owitsosnowiec.pl\/#website"},"primaryImageOfPage":{"@id":"https:\/\/owitsosnowiec.pl\/?page_id=14#primaryimage"},"image":{"@id":"https:\/\/owitsosnowiec.pl\/?page_id=14#primaryimage"},"thumbnailUrl":"http:\/\/owit.sosnowiec.pl\/wp-content\/uploads\/2022\/03\/2-2-1024x1024.png","datePublished":"2022-03-02T14:27:43+00:00","breadcrumb":{"@id":"https:\/\/owitsosnowiec.pl\/?page_id=14#breadcrumb"},"inLanguage":"pl-PL","potentialAction":[{"@type":"ReadAction","target":["https:\/\/owitsosnowiec.pl\/?page_id=14"]}]},{"@type":"ImageObject","inLanguage":"pl-PL","@id":"https:\/\/owitsosnowiec.pl\/?page_id=14#primaryimage","url":"http:\/\/owit.sosnowiec.pl\/wp-content\/uploads\/2022\/03\/2-2-1024x1024.png","contentUrl":"http:\/\/owit.sosnowiec.pl\/wp-content\/uploads\/2022\/03\/2-2-1024x1024.png"},{"@type":"BreadcrumbList","@id":"https:\/\/owitsosnowiec.pl\/?page_id=14#breadcrumb","itemListElement":[{"@type":"ListItem","position":1,"name":"Home","item":"http:\/\/owitsosnowiec.pl\/"},{"@type":"ListItem","position":2,"name":"BENEFICJENCI"}]},{"@type":"WebSite","@id":"http:\/\/owitsosnowiec.pl\/#website","url":"http:\/\/owitsosnowiec.pl\/","name":"O\u015brodek Wsparcia i Test\u00f3w w Sosnowcu","description":"","publisher":{"@id":"http:\/\/owitsosnowiec.pl\/#organization"},"potentialAction":[{"@type":"SearchAction","target":{"@type":"EntryPoint","urlTemplate":"http:\/\/owitsosnowiec.pl\/?s={search_term_string}"},"query-input":{"@type":"PropertyValueSpecification","valueRequired":true,"valueName":"search_term_string"}}],"inLanguage":"pl-PL"},{"@type":"Organization","@id":"http:\/\/owitsosnowiec.pl\/#organization","name":"O\u015brodek Wsparcia i Test\u00f3w w Sosnowcu","url":"http:\/\/owitsosnowiec.pl\/","logo":{"@type":"ImageObject","inLanguage":"pl-PL","@id":"http:\/\/owitsosnowiec.pl\/#\/schema\/logo\/image\/","url":"http:\/\/owitsosnowiec.pl\/wp-content\/uploads\/2026\/04\/Projekt-bez-nazwy.png","contentUrl":"http:\/\/owitsosnowiec.pl\/wp-content\/uploads\/2026\/04\/Projekt-bez-nazwy.png","width":2017,"height":733,"caption":"O\u015brodek Wsparcia i Test\u00f3w w Sosnowcu"},"image":{"@id":"http:\/\/owitsosnowiec.pl\/#\/schema\/logo\/image\/"}}]}},"_links":{"self":[{"href":"http:\/\/owitsosnowiec.pl\/index.php?rest_route=\/wp\/v2\/pages\/14","targetHints":{"allow":["GET"]}}],"collection":[{"href":"http:\/\/owitsosnowiec.pl\/index.php?rest_route=\/wp\/v2\/pages"}],"about":[{"href":"http:\/\/owitsosnowiec.pl\/index.php?rest_route=\/wp\/v2\/types\/page"}],"author":[{"embeddable":true,"href":"http:\/\/owitsosnowiec.pl\/index.php?rest_route=\/wp\/v2\/users\/1"}],"replies":[{"embeddable":true,"href":"http:\/\/owitsosnowiec.pl\/index.php?rest_route=%2Fwp%2Fv2%2Fcomments&post=14"}],"version-history":[{"count":0,"href":"http:\/\/owitsosnowiec.pl\/index.php?rest_route=\/wp\/v2\/pages\/14\/revisions"}],"wp:attachment":[{"href":"http:\/\/owitsosnowiec.pl\/index.php?rest_route=%2Fwp%2Fv2%2Fmedia&parent=14"}],"curies":[{"name":"wp","href":"https:\/\/api.w.org\/{rel}","templated":true}]}}

<p></p>



<ul class="wp-block-list"><li>osoby, które przedstawią skierowanie z PFRON celem udzielenia wsparcia w ramach zadania <br>(najpóźniej w dniu przystąpienia do wsparcia)</li></ul>



<p></p>



<ul class="wp-block-list"><li>osoby z niepełnosprawnością, które posiadają aktualne orzeczenie o stopniu niepełnosprawności <br>lub aktualne orzeczenie o niepełnosprawności <br>lub aktualne orzeczenie równoważne (orzeczenie lekarza orzecznika Zakładu Ubezpieczeń Społecznych <br>lub orzeczenie o zaliczeniu do jednej z grup inwalidów), które skorzystają z realizacji zadania.</li></ul>



<div class="wp-block-columns is-layout-flex wp-container-core-columns-is-layout-28f84493 wp-block-columns-is-layout-flex">
<div class="wp-block-column is-layout-flow wp-block-column-is-layout-flow"></div>



<div class="wp-block-column is-layout-flow wp-block-column-is-layout-flow">
<figure class="wp-block-image size-large"><img decoding="async" src="http://owit.sosnowiec.pl/wp-content/uploads/2022/03/2-2-1024x1024.png" alt="" class="wp-image-63"/></figure>
</div>
</div>

<p>osoby, które przedstawią skierowanie z PFRON celem udzielenia wsparcia w ramach zadania (najpóźniej w dniu przystąpienia do wsparcia) osoby z niepełnosprawnością, które posiadają aktualne orzeczenie o stopniu niepełnosprawności lub aktualne orzeczenie o niepełnosprawności lub aktualne orzeczenie równoważne (orzeczenie lekarza orzecznika Zakładu Ubezpieczeń Społecznych lub orzeczenie o zaliczeniu do jednej z [&hellip;]</p>

<!-- This site is optimized with the Yoast SEO plugin v27.2 - https://yoast.com/product/yoast-seo-wordpress/ -->
<title>Beneficjenci odek Wsparcia i Testów w Sosnowcu</title>
<meta name="robots" content="index, follow, max-snippet:-1, max-image-preview:large, max-video-preview:-1" />
<link rel="canonical" href="https://owitsosnowiec.pl/?page_id=14" />
<meta property="og:locale" content="pl_PL" />
<meta property="og:type" content="article" />
<meta property="og:title" content="Beneficjenci odek Wsparcia i Testów w Sosnowcu" />
<meta property="og:description" content="osoby, które przedstawią skierowanie z PFRON celem udzielenia wsparcia w ramach zadania (najpóźniej w dniu przystąpienia do wsparcia) osoby z niepełnosprawnością, które posiadają aktualne orzeczenie o stopniu niepełnosprawności lub aktualne orzeczenie o niepełnosprawności lub aktualne orzeczenie równoważne (orzeczenie lekarza orzecznika Zakładu Ubezpieczeń Społecznych lub orzeczenie o zaliczeniu do jednej z [&hellip;]" />
<meta property="og:url" content="https://owitsosnowiec.pl/?page_id=14" />
<meta property="og:site_name" content="Ośrodek Wsparcia i Testów w Sosnowcu" />
<meta property="og:image" content="http://owit.sosnowiec.pl/wp-content/uploads/2022/03/2-2-1024x1024.png" />
<meta name="twitter:card" content="summary_large_image" />
<meta name="twitter:label1" content="Szacowany czas czytania" />
	<meta name="twitter:data1" content="1 minuta" />
<script type="application/ld+json" class="yoast-schema-graph">{"@context":"https://schema.org","@graph":[{"@type":"WebPage","@id":"https://owitsosnowiec.pl/?page_id=14","url":"https://owitsosnowiec.pl/?page_id=14","name":"Beneficjenci odek Wsparcia i Testów w Sosnowcu","isPartOf":{"@id":"http://owitsosnowiec.pl/#website"},"primaryImageOfPage":{"@id":"https://owitsosnowiec.pl/?page_id=14#primaryimage"},"image":{"@id":"https://owitsosnowiec.pl/?page_id=14#primaryimage"},"thumbnailUrl":"http://owit.sosnowiec.pl/wp-content/uploads/2022/03/2-2-1024x1024.png","datePublished":"2022-03-02T14:27:43+00:00","breadcrumb":{"@id":"https://owitsosnowiec.pl/?page_id=14#breadcrumb"},"inLanguage":"pl-PL","potentialAction":[{"@type":"ReadAction","target":["https://owitsosnowiec.pl/?page_id=14"]}]},{"@type":"ImageObject","inLanguage":"pl-PL","@id":"https://owitsosnowiec.pl/?page_id=14#primaryimage","url":"http://owit.sosnowiec.pl/wp-content/uploads/2022/03/2-2-1024x1024.png","contentUrl":"http://owit.sosnowiec.pl/wp-content/uploads/2022/03/2-2-1024x1024.png"},{"@type":"BreadcrumbList","@id":"https://owitsosnowiec.pl/?page_id=14#breadcrumb","itemListElement":[{"@type":"ListItem","position":1,"name":"Home","item":"http://owitsosnowiec.pl/"},{"@type":"ListItem","position":2,"name":"BENEFICJENCI"}]},{"@type":"WebSite","@id":"http://owitsosnowiec.pl/#website","url":"http://owitsosnowiec.pl/","name":"Ośrodek Wsparcia i Testów w Sosnowcu","description":"","publisher":{"@id":"http://owitsosnowiec.pl/#organization"},"potentialAction":[{"@type":"SearchAction","target":{"@type":"EntryPoint","urlTemplate":"http://owitsosnowiec.pl/?s={search_term_string}"},"query-input":{"@type":"PropertyValueSpecification","valueRequired":true,"valueName":"search_term_string"}}],"inLanguage":"pl-PL"},{"@type":"Organization","@id":"http://owitsosnowiec.pl/#organization","name":"Ośrodek Wsparcia i Testów w Sosnowcu","url":"http://owitsosnowiec.pl/","logo":{"@type":"ImageObject","inLanguage":"pl-PL","@id":"http://owitsosnowiec.pl/#/schema/logo/image/","url":"http://owitsosnowiec.pl/wp-content/uploads/2026/04/Projekt-bez-nazwy.png","contentUrl":"http://owitsosnowiec.pl/wp-content/uploads/2026/04/Projekt-bez-nazwy.png","width":2017,"height":733,"caption":"Ośrodek Wsparcia i Testów w Sosnowcu"},"image":{"@id":"http://owitsosnowiec.pl/#/schema/logo/image/"}}]}</script>
<!-- / Yoast SEO plugin. -->

Beneficjenci odek Wsparcia i Testów w Sosnowcu

osoby, które przedstawią skierowanie z PFRON celem udzielenia wsparcia w ramach zadania (najpóźniej w dniu przystąpienia do wsparcia) osoby z niepełnosprawnością, które posiadają aktualne orzeczenie o stopniu niepełnosprawności lub aktualne orzeczenie o niepełnosprawności lub aktualne orzeczenie równoważne (orzeczenie lekarza orzecznika Zakładu Ubezpieczeń Społecznych lub orzeczenie o zaliczeniu do jednej z [&hellip;]

Ośrodek Wsparcia i Testów w Sosnowcu
